Suppose -n + c = 3*n - 28, 3*c + 24 = 2*n. Suppose -u - u = -n. Suppose z = -5*o + 16, 0*z - u*o = 3*z - 96. What is the units digit of z?
6
Suppose -5*d - 13 = 23*s - 22*s, -2*s - 34 = 2*d. Let p(u) = 3*u**3 + 2*u**2 - 2*u + 3. Let i be p(2). Let q = i + s. What is the tens digit of q?
1
Let b = 193 + -102. Let j = -52 - -10. Let y = b + j. What is the tens digit of y?
4
Let k = -886 - -1428. What is the units digit of k?
2
Suppose 5*j = -5*b + 1815, 3*j - 3*b - 1718 = -617. What is the tens digit of j?
6
Let w = 20 - 36. Let q = 67 + w. Suppose q = -4*a + 5*a. What is the units digit of a?
1
Suppose 2*v - 2 = 4. Suppose 307 = v*w + 64. What is the tens digit of w?
8
Let g(p) = -p**3 - 5*p**2 + p + 8. Let z be 420/72 - (-1)/6. Let a(x) = -2*x**2 + 12*x - 6. Let v be a(z). What is the units digit of g(v)?
8
Suppose -4 = 4*k + 20. Let w(x) = -15*x - 19. What is the units digit of w(k)?
1
Let r = 32 + -36. What is the tens digit of (359 - 1)*r/(-8)?
7
Suppose q + 7 + 3 = 0. Let g be (1 - -1)*(12 + q). Suppose g*h - y + 2*y = 87, -2*y = -6. What is the units digit of h?
1
Suppose -w - 1 = -3*n, n + 2*w + 12 = -3*n. Let l be 12/(-8) + n/(-2). What is the tens digit of 42/(14/8 + l)?
5
Let l be (24/(-15) - -2)/((-4)/(-20)). Let c(q) = 3*q - 2 - 1 + 0*q + q**2 + 0*q. What is the units digit of c(l)?
7
Suppose 3*d - 9 = -0*d. Suppose -d*j = 2*j - 265. What is the units digit of j?
3
What is the hundreds digit of (333/(-45) - -7)*-2890?
1
Suppose -7*p - 22*p = -8758. What is the hundreds digit of p?
3
Let t be (-8)/44 + (-4)/(-22). Suppose q = g - 0*q - 86, t = -q. What is the tens digit of g?
8
Let z be (1/2)/((-10)/60). What is the units digit of z/15 + (-252)/(-35)?
7
Let t be 2/(-3) - (843/(-9) + 2). Suppose -t = -p - 32. What is the units digit of p?
9
Suppose 0 = -5*w - 4*x + 9708, 167*x + 5822 = 3*w + 168*x. What is the hundreds digit of w?
9
Suppose 125 = 5*z + 5*i, -z + 3 = 5*i - 2. Suppose z = -4*s + 62. What is the units digit of s?
8
Let f(p) be the first derivative of -3/2*p**2 - 5*p - 3. What is the tens digit of f(-5)?
1
Let p be ((-1)/(-4) - (-45)/12)/(-2). What is the tens digit of 2*p*((-51)/6 + 1)?
3
Suppose 3*b - 3606 = -4*l, 4*l - 3*l = 3. What is the units digit of b?
8
Let r be 56/(-3) + (-3)/9. Let a = -64 + 94. Let k = a + r. What is the tens digit of k?
1
Suppose 17*l = -23582 + 77438. What is the hundreds digit of l?
1
What is the hundreds digit of (-16576)/(-80) - (-2)/(-10) - 1?
2
Suppose -k + 4*v = -128, -133 - 234 = -3*k - 5*v. What is the units digit of k?
4
Let w be 64/36 - 6/(-27). Let p be ((-15)/(-45))/(w/18). What is the tens digit of 22 - p/(6/4)?
2
Let w be -4 - (6 + -2 + 1). Let u = 55 + w. What is the units digit of u?
6
Let w(o) be the third derivative of -o**6/120 - o**4/12 - 6*o**2. Let x be w(-2). What is the tens digit of x/(-4) - (1 - 37)?
3
Suppose 12 = -3*o, 0 = c - 3*c + 3*o + 16. Let i(n) = 41*n - 7. What is the units digit of i(c)?
5
Let n = -34 - -24. Let p = 13 + n. Suppose -5*r + 4*t = -225, 16 = -5*r - p*t + 206. What is the units digit of r?
1
Let f(o) = -31*o + 19. Let s be f(7). Let v = s + 398. What is the tens digit of v?
0
Let u(n) = 1617*n**2. What is the units digit of u(-1)?
7
Suppose -40 = -5*u + 3*u. Let t = -17 + u. Suppose 1 = f, -1 = -b - t*f + 12. What is the units digit of b?
0
Let f = 129 + -18. Suppose -2*d - d = 4*b - f, 0 = 2*b - d - 53. What is the units digit of b?
7
Let s = -664 - -693. What is the units digit of s?
9
Let f(u) = u**2 - 4*u - 9. What is the tens digit of f(-6)?
5
Let c(w) = -470*w + 812. What is the thousands digit of c(-7)?
4
Suppose -5*l + 2721 = -1919. What is the hundreds digit of l?
9
Let d = -284 - -886. What is the hundreds digit of d?
6
Let d(z) = z**2 - 9*z + 5. Suppose -2*i - 60 = -6*i. What is the tens digit of d(i)?
9
Suppose 0 = -9*b + 13*b + 4. What is the tens digit of 154/4*(3 + b)?
7
Let l = -139 + 79. What is the tens digit of (l/5)/(3/(-14))?
5
Let k be 1/(-6) + (-1)/((-12)/410). Suppose -32*l = -k*l + 72. What is the units digit of l?
6
Let x = 59 - 83. Let q = 31 + x. What is the units digit of q?
7
Suppose -32 = -o - 4*u, 0*o + o = 5*u + 50. Suppose 2*z - 150 = o. What is the tens digit of z?
9
Suppose -r = -3*r - 3*a - 13, 3*r - 28 = 5*a. Suppose -63 = 16*g - 23*g. Suppose -4*i = -2*d, d - g = -3*i + r. What is the units digit of i?
2
Let c(z) = 4*z**2 + 29*z + 292. What is the hundreds digit of c(-25)?
0
Let q be (-164)/3 - -3 - (-7)/(-21). What is the units digit of (-8)/(-52) - 3216/q?
2
What is the units digit of 4/18 + (1 - 64120/(-63))?
9
Let h(d) = 3*d**2 + 5*d + 58. What is the hundreds digit of h(-25)?
8
Let z(g) = 18*g**2 + 2*g - 3. Suppose -4*v + 8*v = -12. What is the tens digit of z(v)?
5
Let d(y) = 12*y - 3. Let h be d(1). Suppose 0 = -4*r + h*r - 970. What is the units digit of r?
4
Suppose -4*u + 10 = -r - 6, 4*u - 3*r = 8. Suppose -80 = -v + 4*g + 39, 4*v - u*g = 520. What is the hundreds digit of v?
1
Suppose 20*o + 130 = -6*o. Let s(k) = -4*k**2 + 2*k - 9. Let b(m) = -m**2 - m - 1. Let v(r) = 5*b(r) - s(r). What is the units digit of v(o)?
4
Let y = -107 - -117. Suppose -9*p = -y*p - u + 224, -224 = -p - 2*u. What is the tens digit of p?
2
Let v = -572 + 800. What is the hundreds digit of v?
2
Let f be 5 - -136 - (3 + 1). Suppose -173 = -3*v + l - 40, -3*v + 2*l = -f. What is the units digit of v?
3
Let z = -175 + 411. What is the hundreds digit of z?
2
Let b(r) = r**2 + r + 2. Let y = 76 + -88. What is the hundreds digit of b(y)?
1
Suppose 4 = 5*p - 3*p. Let x(y) = -6 + 2*y - 3 - p. What is the units digit of x(6)?
1
Let l(x) = 20*x**2 - 16*x + 32. What is the thousands digit of l(13)?
3
Let q = 5719 - 4002. What is the thousands digit of q?
1
Let v = -34 - -52. Suppose 0 = 4*b - 0 - 4. Suppose -2*g + v = 5*f - 14, -5*f - b = -g. What is the units digit of g?
1
Let m = -877 + 2291. What is the thousands digit of m?
1
What is the hundreds digit of (-20 - -14) + 3*209?
6
Suppose m - 1024 = 5*r, 233 - 3261 = -3*m + 4*r. What is the hundreds digit of m?
0
Suppose -3*a = 5*d + 7, -4*d - 3 = a + 4*a. What is the units digit of (148/(-12))/(d/6)?
7
Suppose 2*y = 21 - 3. Suppose y*a + 8 = 13*a. What is the units digit of a?
2
Let h(d) = 15*d + 353. What is the units digit of h(-18)?
3
Suppose 0 = -3*j + j - 70. Let m(l) = -2*l**2 - 4*l - 3. Let t be m(-3). Let c = t - j. What is the tens digit of c?
2
What is the units digit of -844*(5 - 44/8)?
2
Let x be (-1)/(1/2 + -1). Let u(y) = 18*y + 3. What is the tens digit of u(x)?
3
Let d(h) = -h**2 + 3*h - 2. Let u be d(3). Let o = 0 + -7. What is the units digit of u/o + (-66)/(-14)?
5
Let q = 820 + -578. What is the tens digit of q?
4
Let h(f) = 2*f - 17. Let v(z) = 2*z - 5. Let a be v(9). Let j be h(a). What is the tens digit of 1/(j/(-10) + 1)?
1
Let r(v) be the first derivative of 4*v + 6 - 1/3*v**3 - 4*v**2. What is the units digit of r(-8)?
4
Let k be 0/(-1 + -2) - 0. Suppose 3*o - 5*p - 22 = k, -2*o - 2*p = -p - 6. Suppose 2*v + o*h - 70 = -h, -2*v = 3*h - 74. What is the units digit of v?
0
Suppose 3*m + 2*r + 25 = 6*r, 2*r = -2*m - 26. Let u(p) = p**3 + 11*p**2 + p - 3. Let j(h) = 1. Let q(y) = -5*j(y) - u(y). What is the units digit of q(m)?
9
Suppose 3*m - 110 = -2*m. Suppose -5*t = i - m, -2 = 3*i - 2*t - 0. Suppose i*p - 3*p - 177 = -5*d, -3*d - 4*p = -97. What is the tens digit of d?
3
Let y(t) = -5*t + 5. Suppose 3 = -2*w + 17. Let z be y(w). What is the units digit of (z/(-105))/((-1)/(-7))?
2
Suppose -2778 = -2*n - 3*o, 0 = n + n - 4*o - 2764. What is the thousands digit of n?
1
Suppose 31*i + 13753 = 48*i. What is the units digit of i?
9
Let c(h) = -h**2 + 3*h - 4. Let r be c(4). Let u be -96*(4/r)/1. Suppose 0*j + 3*j = u. What is the tens digit of j?
1
Let i(j) = 127*j - 136. What is the hundreds digit of i(10)?
1
Let z = 8 + -5. Suppose 235 = 4*v - z*d, -5*v - 4*d - d = -320. What is the units digit of v?
1
Let v(j) = j + 12. Let u be v(-10). What is the tens digit of (-56 + u)*(1 + -2)?
5
Let s = -105 + 202. Suppose 4*n + 42 + s = 5*b, 0 = b - 2*n - 23. What is the tens digit of b?
3
Let g(o) = o**3 - 4*o**2 + 3. Let j = 6 - 7. Let t be 1 + 3*(2 + j). What is the units digit of g(t)?
3
Let c be -3 + 7 - (1 - -2). Let q = c - -3. Let n(k) = 7*k - 9. Wha